-10
Suppose 2*z = 6 - 2. Let j(q) = -9*q - 2 + 0*q**2 + 12 + 3*q - q**z. Give j(-8).
-6
Suppose 8*l = -l + 90. Let z(n) = -2*n**3 + 20*n**2 + 5. Let j be z(l). Let s(r) = -2*r + 4. Determine s(j).
-6
Let l(w) = w**2 + 5*w - 6. Let f be (-2)/(-6) - 10/(-6). Let v(o) = -o**3 + 3*o**2 + 3*o + 1. Let y be v(-2). Suppose -f*b = b + y. Give l(b).
-6
Let j(v) = -v**2 + 2*v - 2. Suppose 3*p = 5*w - 21, 3*p + 16 = 4*w - 2. Let q be (-1)/(-2)*(-14 - -16). Let h = q - p. What is j(h)?
-5
Let v(n) be the second derivative of n**4/12 + 3*n**3/2 + 6*n**2 + 96*n. What is v(-8)?
4
Let m(a) = 39*a - 3. Let o(c) = 79*c - 5. Let g(j) = -7*m(j) + 4*o(j). What is g(-1)?
-42
Let k = -79 + 81. Let n(d) = 1 - d**2 + 0*d**2 + 4*d - 3 - k. Determine n(5).
-9
Suppose -44*p + 40*p - 5*c + 46 = 0, -3*p - 4*c + 35 = 0. Let f(n) = n**3 - 10*n**2 + 6*n + 3. Determine f(p).
-24
Let m(z) = 7*z - 9. Let a(r) = -4*r + 4. Let j(c) = 5*a(c) + 3*m(c). Suppose -172*i - 25 = -2*y - 175*i, 3*i = 3*y. What is j(y)?
-2
Suppose 9 = 2*y + 2*t - 3, -y + 4*t = 14. Let o(z) = -4*z**2 + y*z**2 + 0*z**2 - 2*z + 1. What is o(-2)?
-3
Let j(y) = 9*y + 80. Let m(t) = 4*t + 37. Let i(q) = -2*j(q) + 5*m(q). Determine i(-11).
3
Let u(f) = 2*f - 1. Let c(x) = 4*x - 3. Let q be (-27)/(-3) + (-10)/5. Let o(b) = q*u(b) - 2*c(b). Calculate o(1).
5
Let u(b) be the second derivative of -b**3/6 - 5*b**2/2 - 2*b. Let j(h) = -3*h - 13. Let m(z) = z. Let l(g) = j(g) + 2*m(g). Let o be l(-8). Determine u(o).
0
Let c = 1 - 7. Suppose 3*p - 15 = 2*j + 20, -3*j + 52 = 5*p. Let o = p + c. Let m(q) = q**3 - 5*q**2 - 2*q + 5. Give m(o).
-5
Let t = -13 + 8. Let g(n) be the third derivative of n**6/240 + n**5/24 - n**4/24 + n**2. Let b(k) be the second derivative of g(k). What is b(t)?
-10
Let i(l) be the second derivative of 0 - 1/12*l**4 + 2/3*l**3 - 3*l - 1/2*l**2. Let s = 5 + -2. Calculate i(s).
2
Let y(g) be the third derivative of g**5/60 - g**4/8 - g**3/3 + 73*g**2. Determine y(-1).
2
Let v = -2 + 4. Suppose 3*w + 3*n - 9 = 0, 2*n - 15 = v*w - 3*n. Suppose -3*r - 6 = -3*q, 5*q - 2*r + 5*r + 14 = w. Let t(z) = 2*z**3 + 2*z + 1. Calculate t(q).
-3
Let n(d) be the second derivative of d + 0 + 0*d**2 + 1/20*d**5 - 4/3*d**3 - 1/6*d**4. Let i(t) be the second derivative of n(t). Calculate i(3).
14
Let c(p) = -19 + p + 67 - 24 - 13. Determine c(-9).
2
Let b(u) be the third derivative of u**7/840 + u**6/60 + u**5/40 + 7*u**4/24 + u**3/6 + 32*u**2. Let q(f) be the first derivative of b(f). What is q(-5)?
17
Let q = -205 + 209. Let i(s) be the second derivative of s**5/20 - s**4/4 - s**3/6 - 2*s**2 - 10*s. What is i(q)?
8
Let m(c) = c**2 + 8*c - 20. Let b(r) = -r + 54. Let h be b(65). What is m(h)?
13
Let j(c) = 2*c**3 + 18*c**2 - 5*c - 29. Let l be j(-9). Let z(v) = -2*v + 32. Determine z(l).
0
Suppose k + 3*k = -4*u + 16, 2*u - 4 = 0. Let v = 3 - k. Let x(q) = 3*q**3 + q**2 - 2*q + 1. What is x(v)?
3
Let z(l) = 2*l + 6. Let m(x) = -16*x - 141. Let f be m(-9). Let j be 3/(-9) - 55/(-3). Suppose 0 = f*u - 0*u + j. Determine z(u).
-6
Suppose 0 = -17*k + 19*k. Suppose k = -11*q + 10*q + 7. Let r(y) = 2*y - 3. Determine r(q).
11
Let v(p) = 11*p**2 + 6*p - 10. Let m(k) = 9*k**2 + 4*k - 9. Let f(u) = -5*m(u) + 4*v(u). Calculate f(3).
8
Let x(r) = 0*r**3 - r**3 - 1618 - 5*r**2 + r**2 + 1620. Calculate x(-4).
2
Let y(p) = p**3 - 5*p**2 + 3*p + 3. Let q = 158 - 154. Determine y(q).
-1
Suppose 0 = 4*z - 6 - 10. Let s be (-108)/(-63) + 4/14. Let u(b) = 17*b + 20*b + 4 + 6*b**s - b**3 - 44*b. Calculate u(z).
8
Let n(h) be the third derivative of 7/6*h**3 + 0 + 1/120*h**6 - 1/15*h**5 - 1/4*h**4 + 0*h + 7*h**2. Determine n(5).
2
Let j(k) = -2*k - k**3 + 68*k**2 + 2*k**3 - 68*k**2. Give j(2).
4
Let g be (4/(-6))/((-20)/(-120)) + 6. Let w(r) = 20 - g*r - r + 2*r - 4. Give w(11).
5
Let c(m) = -m - 17. Let p be (75 + -70)*(-2 - -1). Calculate c(p).
-12
Let t(n) = -n**2 + 3*n + 2. Suppose 0 = -10*b + 9*b + 4. Suppose -3*p + 5*p = -b. What is t(p)?
-8
Suppose -5*m = -7 - 13. Suppose -m*i = -11 + 7. Let s(j) = 3*j + 2 - i + 4 - 2. Give s(3).
12
Let i(k) = -2*k - 6*k + 2*k + k**2. Let p be 2 + (-3)/(-6)*6. Calculate i(p).
-5
Let i(h) = 77 - h**2 - 36 - 48. Give i(0).
-7
Suppose -k - 5*p + 12 = 0, 3*p - 4 = -3*k + 4*p. Let z(g) = 0*g - k*g - 8*g. Give z(-1).
10
Suppose -17*p = -18*p, -p = -4*l - 44. Let q(y) = -y**2 - 12*y - 11. Determine q(l).
0
Suppose -36 = 3*b - 5*p - 14, -3*p + 10 = -b. Let v be (-3 - -1) + 12*b/(-6). Let z(u) = u**3 - 7*u**2 + 6*u. What is z(v)?
0
Suppose 0 = z + p - 5, 22 = -5*z + 4*p + 2. Suppose 6*u + z - 6 = 0. Let r(d) = -3*d - d**3 - u + 0*d**3 + 2*d**2 + 2*d**3. What is r(-3)?
-1
Let p = 57 - 1. Let x be (3/2)/(21/p). Suppose 8 = -2*t - 2*f, t = 2*t - x*f - 16. Let d(s) = s**3 + s + 1. Calculate d(t).
1
Let g = -1149 - -1154. Let z(h) be the third derivative of -1/6*h**3 + 1/12*h**4 - 7/60*h**g + 0*h + 0 - 5*h**2. Give z(1).
-6
Suppose v + 2*z - 21 = 4*z, 0 = 4*v + 3*z - 95. Let b(l) = -v*l + 0*l**2 + 0*l**2 + l**2 - 5 + 17*l. Calculate b(6).
-5
Let p be 8/14 - ((-68)/28)/1. Let q(a) be the third derivative of -a**5/60 + a**4/6 - 2*a**2. Calculate q(p).
3
Let q(h) = -2*h**3 - 5*h**2 - 4*h - 3. Let y(w) = 6*w**2 - 39*w + 15. Let x be y(6). Give q(x).
18
Let t(n) = -10*n + 222. Let s be t(24). Let h(v) = v**3 + 18*v**2 + v + 18. What is h(s)?
0
Let i(c) = -16*c + 3. Let b = -271 - -273. Calculate i(b).
-29
Let r(v) = -1368*v**3 - 1372*v**3 + 2739*v**3 + 3*v - 1 - 3*v**2. Calculate r(1).
-2
Let p(j) = 6*j**3 + 5*j**2 - 2. Let x(c) = -7*c**3 - 5*c**2 + 1. Let t(v) = 6*p(v) + 5*x(v). Give t(-5).
-7
Let w(u) = 2*u + 14. Let k be 0 + -8 - (61 - 61). Determine w(k).
-2
Let t(h) be the first derivative of -3 + 0*h - h + 2*h**2 + 0*h - h**2. Let g be 9 + -10 - (6 + -6). Calculate t(g).
-3
Let l(n) = -4*n - 2. Let t be l(-1). Suppose 0 = 5*f + z - 35, -7*z = -t*z. Let j(h) = -5*h - 7 - h**2 - 7 + f. Give j(-5).
-7
Let c(a) = a**3 + a + 12. Suppose -2*z - 7 = -17. Suppose -4*l = z*l - 2*l. Calculate c(l).
12
Suppose -4*m = -4*b + 8, 2*b + 2 = 5*m - 0*b. Suppose -m*t + 36 = 2*t. Let x(o) = o**2 - 9*o - 5. Calculate x(t).
-5
Let b be 10 + -2 + -2 + 0. Let f be 98/21 - 2/(-6). Let r(y) = 0 - 6*y**2 + y**3 - f - 3 + y. Determine r(b).
-2
Let q be (-30)/(1 - 7) - 7. Let p(s) = 3*s**2 + s - 1. Calculate p(q).
9
Let s(z) = z**3 + 6*z**2 - z - 3. Let a = -9 - -3. Let y be (2 - (4 - 1)) + 1 + a. Give s(y).
3
Let r(m) = m**3 + 4*m**2 + 3*m + 3. Let h be r(-3). Let y(f) be the third derivative of f**6/120 - f**5/30 + f**4/24 - f**3/3 + 6*f**2 + 37*f. Give y(h).
10
Let s = -3 + 4. Let t be s + 5 + (-1 - 1). Let h(d) = -4 + 162*d + 167*d - 330*d. Give h(t).
-8
Let l(v) = v**2 + 3*v + 2. Let n be 240/200*15/(-6). Calculate l(n).
2
Let g(y) = 5*y + 1. Let l = 197 - 116. Let x = 83 - l. Determine g(x).
11
Let b = -11 - -9. Let o be 44/7 - b/(-7). Let k(a) = -4*a**3 - 6*a**2 + a + 2. Let y(w) = 5*w**3 + 6*w**2 - w - 2. Let l(r) = -6*k(r) - 5*y(r). What is l(o)?
-8
Let v(c) = -c**2 + 4. Suppose 23 = -x + 19. Calculate v(x).
-12
Suppose -v + 2*v - 19 = -3*r, 4*v = -3*r + 31. Suppose 4*m - 12 = 2*m. Let i(z) = 5 - r - m - z + 5. Give i(-5).
4
Suppose -18 = o + 4*j, -5*o - 20 = -3*o + 4*j. Let c(g) = g**2 - 5*g. Let r(n) = -2*n**2 + 9*n. Let a(q) = 11*c(q) + 6*r(q). Give a(o).
-2
Let s = -208 + 203. Let n(k) be the third derivative of 5*k**4/24 + k**3 - k**2. What is n(s)?
-19
Let s(q) be the third derivative of q**6/24 + q**4/24 - q**3/6 - 3*q**2. What is s(1)?
5
Let u(n) = -2*n - 2. Let s = 154 - 161. What is u(s)?
12
Let u(j) = j**3 - 6*j**2 + 8*j - 6. Let x = 4 - 4. Suppose x*y - y = -5. Determine u(y).
9
Let n(r) = r**3 + 2*r**2 + r + 4. Suppose 4*c + 4*c + 24 = 0. What is n(c)?
-8
Let b(c) be the third derivative of -c**6/120 - 11*c**5/60 + c**3/3 - 8*c**2 + 2*c. Give b(-11).
2
Let p(q) = 10*q + 74. Let n(m) = 19*m + 136. Let o(d) = -6*n(d) + 11*p(d). Let c = 8 + -12. What is o(c)?
14
Let x = -16 + 46. Let r(b) = b**3 - 13*b**2 - 15*b + 20. Let a be r(14). Suppose a*k - k = -x. Let d(z) = z + 7. Give d(k).
1
Let v(m) = -m + 2. Let q be v(7). Let b(l) = -4*l**2 - l + 3. Let t(f) = -f**2 + f. Let o(g) = q*t(g) + b(g). Let a = -2 - -7. Give o(a).
-2
Let a(l) = -l**2 + 5*l - 3. Suppose 6*y = -15 + 45. Calculate a(y).
-3
Let u(n) be the firs